?
False
Is 1519956674 a multiple of 34?
False
Is 19581555 a multiple of 108?
False
Does 67 divide 13956167?
True
Does 604 divide 442639588?
True
Does 43 divide 50821307?
False
Is 167117399 a multiple of 3995?
False
Is 8 a factor of 10612086?
False
Is 32 a factor of 101942784?
True
Does 35 divide 104729897?
False
Is 121802678 a multiple of 11?
False
Is 6 a factor of 507280383?
False
Does 2471 divide 1151417243?
False
Is 2334 a factor of 582631752?
True
Does 26 divide 484151668?
True
Is 155915808 a multiple of 677?
True
Does 4136 divide 1173636240?
False
Does 2535 divide 146893110?
True
Does 12 divide 99189158?
False
Is 2451 a factor of 2867961669?
True
Does 28 divide 102173736?
True
Does 107 divide 214605678?
False
Is 14 a factor of 49898506?
True
Is 149995495 a multiple of 5?
True
Is 975 a factor of 1755109742?
False
Does 17 divide 148132951?
True
Does 56 divide 470625288?
True
Is 160828403 a multiple of 31?
True
Is 532488181 a multiple of 238?
False
Is 71 a factor of 23981987?
False
Is 4280360 a multiple of 4?
True
Is 1580734969 a multiple of 266?
False
Is 247156 a multiple of 4?
True
Does 14 divide 108961445?
False
Does 5 divide 259941665?
True
Does 59 divide 19385099?
True
Is 9 a factor of 441365837?
False
Does 198 divide 949313043?
False
Does 324 divide 404708719?
False
Is 26 a factor of 3165525485?
False
Is 42 a factor of 220665270?
True
Is 256165040 a multiple of 1930?
True
Is 420152 a multiple of 2?
True
Does 1846 divide 79787308?
False
Does 134 divide 30786765?
False
Is 165626010 a multiple of 242?
True
Is 1893310054 a multiple of 284?
False
Is 130 a factor of 180408800?
True
Is 72 a factor of 2102573483?
False
Is 1894 a factor of 653005778?
False
Is 89108710 a multiple of 3071?
False
Is 18902495 a multiple of 5?
True
Does 16 divide 41453760?
True
Is 161108136 a multiple of 28?
True
Is 24129092 a multiple of 29?
False
Does 2096 divide 148941464?
False
Is 100055354 a multiple of 369?
False
Is 12 a factor of 90603480?
True
Does 298 divide 129042418?
False
Is 376000880 a multiple of 792?
False
Is 161 a factor of 12774195?
False
Is 5794163 a multiple of 57?
False
Is 66452538 a multiple of 19?
True
Does 7 divide 424923391?
False
Is 34 a factor of 601739038?
True
Does 104 divide 7063368?
True
Is 33126206 a multiple of 5?
False
Is 251602 even?
True
Is 3394004459 a multiple of 1519?
False
Is 518 a factor of 90384716?
False
Is 1419 a factor of 117176763?
True
Does 186 divide 544751397?
False
Is 20 a factor of 3282802?
False
Is 859652080 a multiple of 74?
True
Does 9 divide 917683821?
True
Is 14954224 a multiple of 55?
False
Is 110102140 a multiple of 20?
True
Is 35090250 a multiple of 509?
False
Is 233 a factor of 505445386?
False
Does 51 divide 96180849?
True
Is 7 a factor of 290083875?
False
Does 177 divide 60792243?
True
Is 7702964 a multiple of 97?
True
Is 467911947 a multiple of 138?
False
Is 149 a factor of 52893361?
True
Is 696 a factor of 130433184?
True
Is 51452667 a multiple of 706?
False
Does 9 divide 275194375?
False
Is 8340858 a multiple of 23?
True
Does 104 divide 2185872?
True
Is 61925976 a multiple of 84?
True
Is 58 a factor of 10624442?
False
Does 8331 divide 703120460?
False
Is 44 a factor of 17015652?
False
Does 208 divide 1570264384?
True
Does 89 divide 723522563?
True
Does 48 divide 13834780?
False
Does 537 divide 141987633?
True
Is 1183405795 a multiple of 559?
True
Is 150 a factor of 897270600?
True
Is 15 a factor of 824278050?
True
Does 244 divide 110003277?
False
Is 7358448 a multiple of 7?
False
Is 73 a factor of 769300864?
True
Is 11 a factor of 35300793?
True
Is 454 a factor of 187367162?
True
Does 165 divide 383492394?
False
Does 5036 divide 5597055724?
True
Is 4 a factor of 34157547?
False
Does 64 divide 713128512?
True
Is 120743370 a multiple of 1530?
False
Is 55 a factor of 76684685?
True
Does 2255 divide 238155146?
False
Does 3 divide 6727392?
True
Is 1572 a factor of 45533475?
False
Does 33 divide 49632158?
False
Is 46576152 a multiple of 9?
True
Is 734 a factor of 121086217?
False
Is 1190596063 a multiple of 3318?
False
Is 64 a factor of 76308672?
True
Is 237554868 a multiple of 619?
True
Is 7 a factor of 716579366?
False
Is 10704398 a multiple of 66?
False
Is 1155837108 a multiple of 29?
True
Does 10398 divide 1056349901?
False
Does 27 divide 4592248?
False
Is 1692 a factor of 45210240?
True
Is 11 a factor of 19780530?
True
Is 24 a factor of 20855160?
True
Is 494467236 a multiple of 306?
True
Is 5 a factor of 27211490?
True
Is 328 a factor of 57262240?
True
Does 2005 divide 190655450?
True
Does 492 divide 51012528?
True
Does 3898 divide 107697458?
False
Is 742142538 a multiple of 582?
True
Is 12176948 a multiple of 188?
True
Is 1191 a factor of 176639592?
True
Is 113 a factor of 50327795?
False
Is 692 a factor of 9326776?
True
Is 329101920 a multiple of 54?
True
Does 337 divide 31922445?
False
Does 28 divide 196696293?
False
Is 150 a factor of 4697372850?
True
Does 907 divide 71553230?
True
Does 963 divide 889916518?
False
Does 23 divide 25428754?
True
Is 162335641 a multiple of 2388?
False
Is 11221975 a multiple of 4?
False
Is 80995334 a multiple of 1169?
True
Does 6 divide 25255020?
True
Is 79376851 a multiple of 32?
False
Does 31 divide 104849161?
True
Does 18 divide 186736950?
True
Is 126 a factor of 490551367?
False
Does 4269 divide 51237069?
False
Does 12 divide 174700620?
True
Is 8 a factor of 228611560?
True
Does 31 divide 345121512?
True
Is 28 a factor of 142368526?
False
Does 52 divide 3643640?
True
Does 2158 divide 32316050?
True
Does 116 divide 39234464?
False
Is 17280777 a multiple of 111?
False
Is 28982562 a multiple of 446?
False
Is 4387832460 a multiple of 2354?
True
Does 494 divide 42744832?
True
Does 39 divide 60714921?
False
Does 22 divide 52928683?
False
Is 3942876231 a multiple of 21?
True
Is 1652 a factor of 143573668?
True
Does 811 divide 304521579?
True
Is 9 a factor of 11490192?
True
Is 1237 a factor of 24744345?
False
Does 45 divide 13680540?
True
Is 797828712 a multiple of 24?
True
Is 127132320 a multiple of 314?
True
Is 349153868 a multiple of 62?
True
Is 9668684 a multiple of 4?
True
Does 1058 divide 42224330?
False
Is 667 a factor of 2461302347?
False
Does 5 divide 63197725?
True
Does 412 divide 235718796?
True
Does 22 divide 1007061902?
True
Is 14 a factor of 211239540?
False
Does 1252 divide 13910972?
True
Does 2125 divide 261863531?
False
Does 121 divide 2929168?
True
Is 43143916 a multiple of 3?
False
Is 128771135 a multiple of 3658?
False
Is 6 a factor of 11872398?
True
Is 10747562 a multiple of 14?
True
Is 27 a factor of 62225685?
True
Does 13 divide 42603535?
True
Is 7 a factor of 79603774?
False
Does 5787 divide 646489778?
False
Is 553 a factor of 483678088?
False
Is 500 a factor of 396764500?
True
Does 417 divide 89184624?
True
Is 759070605 a multiple of 5025?
False
Is 455 a factor of 16602962?
False
Is 281 a factor of 15287083?
False
Is 754 a factor of 1864559814?
True
Is 577 a factor of 27252443?
False
Is 137 a factor of 60699887?
False
Does 15 divide 568344081?
False
Is 435060618 a multiple of 1294?
False
Does 8 divide 243372073?
False
Is 23492319 a multiple of 239?
False
Does 555 divide 244046310?
False
Is 11 a factor of 248586261?
True
Does 13 divide 14229358?
True
Is 563 a factor of 107821256?
True
Is 13 a factor of 419919453?
False
Is 2013146961 a multiple of 6176?
False
Is 1385 a factor of 284934317?
False
Is 3756863272 a multiple of 12487?
False
Does 2 divide 15740333?
False
Is 14 a factor of 512408162?
True
Does 70 divide 34646990?
True
Is 28 a factor of 28279858?
False
Is 150 a factor of 1253249850?
True
Is 22493465 a multiple of 85?
True
Does 13 divide 614871543?
True
Is 4 a factor of 117774152?
True
Does 45 divide 35335890?
True
Is 1511215954 a multiple of 97?
False
Is 1048 a factor of 38425968?
True
Is 6598579 a multiple of 271?
True
Is 64 a factor of 5192408320?
True
Is 21 a factor of 118043751?
True
Does 92 divide 12863716?
True
Does 301 divide 2294456182?
False
Is 60766805 a multiple of 1985?
True
Is 2436385 a multiple of 11?
False
Is 2950450230 a multiple of 6370?
True
Is 328282361 even?
False
Does 135 divide 767618046?
False
Does 10 divide 25855670?
True
Is 130516274 a multiple of 8?
False
Is 8 a factor of 69394408?
True
Does 353 divide 598518375?